{"id":2029,"date":"2025-03-06T12:57:18","date_gmt":"2025-03-06T15:57:18","guid":{"rendered":"https:\/\/polianabentes.com.br\/?post_type=calendario-eventos&#038;p=2029"},"modified":"2025-03-06T12:57:19","modified_gmt":"2025-03-06T15:57:19","slug":"comunicacao-e-oratoria-de-alta-performance","status":"publish","type":"calendario-eventos","link":"https:\/\/polianabentes.com.br\/en\/calendario-eventos\/comunicacao-e-oratoria-de-alta-performance\/","title":{"rendered":"Comunica\u00e7\u00e3o e Orat\u00f3ria de Alta Performance"},"content":{"rendered":"","protected":false},"template":"","class_list":["post-2029","calendario-eventos","type-calendario-eventos","status-publish","hentry"],"_links":{"self":[{"href":"https:\/\/polianabentes.com.br\/en\/wp-json\/wp\/v2\/calendario-eventos\/2029","targetHints":{"allow":["GET"]}}],"collection":[{"href":"https:\/\/polianabentes.com.br\/en\/wp-json\/wp\/v2\/calendario-eventos"}],"about":[{"href":"https:\/\/polianabentes.com.br\/en\/wp-json\/wp\/v2\/types\/calendario-eventos"}],"wp:attachment":[{"href":"https:\/\/polianabentes.com.br\/en\/wp-json\/wp\/v2\/media?parent=2029"}],"curies":[{"name":"wp","href":"https:\/\/api.w.org\/{rel}","templated":true}]}}

Comunicação e Oratória de Alta Performance
