{"id":2027,"date":"2025-03-06T12:25:27","date_gmt":"2025-03-06T15:25:27","guid":{"rendered":"https:\/\/polianabentes.com.br\/?post_type=calendario-eventos&#038;p=2027"},"modified":"2025-03-06T12:25:28","modified_gmt":"2025-03-06T15:25:28","slug":"workshop-mineracao-no-para-tendencias-e-caminhos-para-a-sustentabilidade","status":"publish","type":"calendario-eventos","link":"https:\/\/polianabentes.com.br\/en\/calendario-eventos\/workshop-mineracao-no-para-tendencias-e-caminhos-para-a-sustentabilidade\/","title":{"rendered":"Workshop Minera\u00e7\u00e3o no Par\u00e1: Tend\u00eancias e caminhos para a sustentabilidade"},"content":{"rendered":"","protected":false},"template":"","class_list":["post-2027","calendario-eventos","type-calendario-eventos","status-publish","hentry"],"_links":{"self":[{"href":"https:\/\/polianabentes.com.br\/en\/wp-json\/wp\/v2\/calendario-eventos\/2027","targetHints":{"allow":["GET"]}}],"collection":[{"href":"https:\/\/polianabentes.com.br\/en\/wp-json\/wp\/v2\/calendario-eventos"}],"about":[{"href":"https:\/\/polianabentes.com.br\/en\/wp-json\/wp\/v2\/types\/calendario-eventos"}],"wp:attachment":[{"href":"https:\/\/polianabentes.com.br\/en\/wp-json\/wp\/v2\/media?parent=2027"}],"curies":[{"name":"wp","href":"https:\/\/api.w.org\/{rel}","templated":true}]}}

Workshop Mineração no Pará: Tendências e caminhos para a sustentabilidade
