{"id":1722,"date":"2024-07-01T12:44:47","date_gmt":"2024-07-01T15:44:47","guid":{"rendered":"https:\/\/polianabentes.com.br\/?post_type=calendario-eventos&#038;p=1722"},"modified":"2024-07-01T12:44:48","modified_gmt":"2024-07-01T15:44:48","slug":"feriado-da-proclamacao-da-republica","status":"publish","type":"calendario-eventos","link":"https:\/\/polianabentes.com.br\/en\/calendario-eventos\/feriado-da-proclamacao-da-republica\/","title":{"rendered":"Feriado da Proclama\u00e7\u00e3o da Rep\u00fablica"},"content":{"rendered":"","protected":false},"template":"","class_list":["post-1722","calendario-eventos","type-calendario-eventos","status-publish","hentry"],"_links":{"self":[{"href":"https:\/\/polianabentes.com.br\/en\/wp-json\/wp\/v2\/calendario-eventos\/1722","targetHints":{"allow":["GET"]}}],"collection":[{"href":"https:\/\/polianabentes.com.br\/en\/wp-json\/wp\/v2\/calendario-eventos"}],"about":[{"href":"https:\/\/polianabentes.com.br\/en\/wp-json\/wp\/v2\/types\/calendario-eventos"}],"wp:attachment":[{"href":"https:\/\/polianabentes.com.br\/en\/wp-json\/wp\/v2\/media?parent=1722"}],"curies":[{"name":"wp","href":"https:\/\/api.w.org\/{rel}","templated":true}]}}

Feriado da Proclamação da República
